Let d be f(-2). Let q = 104 - d. Suppose -2*a + q = 29. Is a a composite number?
False
Let l(z) = -3*z + 6. Let w be (-4)/10 + 22/5. Let p be (0 - 1) + -2*w. Is l(p) prime?
False
Suppose -2*j - 5*v + 1308 = 2*j, j = -5*v + 327. Is j a composite number?
True
Let y(x) = -2*x**2 - 2*x - 2. Let b be y(-2). Let u be 4/b*(-129)/2. Suppose 4*z = 3*z + u. Is z composite?
False
Let v be 2/2 + 4 - 0. Suppose v*n = 2*n + 357. Is n composite?
True
Let b be 14/(-6) + 22/(-33). Let o(c) = -165*c - 2. Let z be o(4). Is (b/6)/(1/z) composite?
False
Suppose y - 47 - 36 = 0. Is y prime?
True
Suppose -2*j + 8*j = 12894. Is j a prime number?
False
Let o(n) = n**3 + 5*n**2 - 6*n + 5. Is o(-5) a prime number?
False
Suppose -5*x + 2*q = 10, -5*x - 4*q - q = -25. Let p be 1 + (2/1 - x). Suppose 5*n + 37 = t - 0*n, p*t - 2*n - 137 = 0. Is t a prime number?
True
Suppose -3*n - n + 2024 = -2*u, 2040 = 4*n + 2*u. Suppose 4*g - 5*f + f = n, 3*g - 5*f - 389 = 0. Is g a composite number?
True
Suppose 10 + 10 = 5*k. Suppose n = -2, -4*h - k*n = -n - 50. Is h prime?
False
Let v be (-2)/4*6 + 619. Let h = v + -329. Is h a composite number?
True
Let g = -322 - -472. Let j = -65 + g. Is j a prime number?
False
Let k(j) = -830*j - 3. Is k(-2) prime?
True
Let a be 1 - (-2 + (-9)/(-3)). Suppose 0*n + 5*n - 25 = a. Suppose -4*b + 897 = n*c, 2*b + 3*c - 391 = 58. Is b prime?
True
Is 0 - (-590 - (-3 - 0)) a prime number?
True
Suppose j - 3*n = -6*n + 307, 2*j + 4*n = 608. Is j a composite number?
True
Let q(i) = i**3 + 10*i**2 + 8*i - 6. Suppose 0 = -2*p + p - 9. Let w be q(p). Suppose w*s = 4*j + 225, 243 = 3*s + 3*j - j. Is s prime?
True
Suppose 4*a = -3*n + 39, -a - 2*n + 4 = -7. Is 9/(-6)*(-402)/a composite?
False
Is (-10)/(-15) + 86/6 composite?
True
Suppose 0*q - 176 = 4*q. Let v = 121 + q. Suppose 3*z - h - 252 = 0, -z + 0*z - 2*h + v = 0. Is z a prime number?
True
Let h = -205 + -5. Is (-7)/(h/(-106) - 2) a composite number?
True
Let u = 18 - 3. Let j be (-2)/10 + 1338/u. Suppose -2*b + j = -3*h, 4*b - 3*h + 34 = 197. Is b a composite number?
False
Suppose 14*c = 63878 - 24580. Is c a prime number?
False
Suppose 7*q - 1044 = 538. Is q a composite number?
True
Let i(y) = 13*y**2 + 6*y - 3. Let v be i(-12). Let g be (-2)/6 + (-14)/(-6). Is v/7 + g/7 a prime number?
True
Suppose 0 = 11*y - 16*y + 895. Is y a prime number?
True
Is -2*(897/(-6) + 3) a prime number?
True
Is 19 + -17 - (-610 + -1) prime?
True
Is (0 - 1)*(-455 - 24) composite?
False
Suppose -4*l + 2*x = -2228, -l + 6*x + 575 = x. Suppose -425 = -4*v + l. Suppose 0 = -5*t - 0*s + 5*s + v, 0 = -t - 5*s + 37. Is t a composite number?
False
Let w be (-4)/(-6)*(4 - 313). Let i = w - -409. Is i a composite number?
True
Suppose -19*t + 24*t = 25. Suppose t*m + 2*o = 425, 4*o - 12 = -2*m + 174. Is m a composite number?
False
Suppose -7 = -a - 3. Suppose 0 = -3*j + 3*x - 5 + 14, -x + 2 = a*j. Let t(q) = 67*q**3 + q**2 - 2*q + 1. Is t(j) prime?
True
Let d(f) = 2*f + 0*f**2 + f**2 + 2*f**2 - 1. Suppose 4 = 3*j - 2. Is d(j) a composite number?
True
Let f be (-7)/(-3) + (-7)/21. Suppose -w - 5*r = w - 19, 3*w - f*r - 19 = 0. Is w composite?
False
Let a(u) = -36*u - 23. Is a(-20) a prime number?
False
Suppose -4*h + n - 31 = -0*n, 0 = -2*h - 4*n - 2. Let a(w) = -30*w + 1. Is a(h) a prime number?
True
Suppose 1267 = 2*i + p, -5*i + 3*p = -4224 + 1084. Is i composite?
False
Suppose j = 4*y + 5, 4 = j - 2*y - 1. Suppose -62 + j = -3*x. Let o = x - 0. Is o a prime number?
True
Let j = 172 - -27. Is j a prime number?
True
Suppose -q = -3*z - 71, -2*q + 0*q - 4*z = -162. Suppose 4*j - q = v, -j + 6*v - 2*v + 23 = 0. Is j composite?
False
Let p(v) = -454*v + 17. Is p(-5) composite?
False
Let o = -6 - -4. Let z be (81/(-6))/(o/4). Let u = -4 + z. Is u composite?
False
Suppose -3*y + 223 + 44 = 0. Let l = -64 + y. Is l a composite number?
True
Let n(p) = -p**3 + 7*p**2 - 2*p + 3. Let b = -11 - -16. Is n(b) composite?
False
Let l = 74 - 131. Let p = l - -176. Is p a composite number?
True
Let o(g) = g**2 - 3*g - 4. Suppose 4*b = -4*n - 3 + 11, -2*b = 3*n - 1. Suppose -5 = -b*z - 5*m, 2*z - 32 = 3*m + m. Is o(z) a composite number?
True
Suppose -t = -0 - 2. Suppose 0*x - r + 503 = 4*x, -4*x + t*r = -518. Is x a composite number?
False
Let h = 150 + -71. Is h a prime number?
True
Let j be (-12)/(-1)*9/6. Suppose -5*g + 11 = 5*k - 24, j = 2*g + 4*k. Suppose a - g - 5 = 0. Is a a prime number?
False
Let y be (-40)/(-6) + (-2)/3. Let j(q) = -3*q - 2*q**2 - 2 + y*q**2 + 0*q**2 + 3. Is j(8) composite?
False
Suppose -4*p = -p. Suppose -2*a = q - p*a + 4, a - 33 = 3*q. Is q*26/(-12)*3 prime?
False
Let s(o) = 12*o**2 - 3*o. Let z(k) = k**2 + 1. Let f(b) = s(b) + 3*z(b). Is f(2) composite?
True
Suppose -f + 1 = -1. Let o be (f/6)/((-1)/(-141)). Let s = o + -24. Is s a composite number?
False
Let i(n) = 10*n - 11. Let d = 24 - 15. Is i(d) a prime number?
True
Suppose b - 5*b = -2*h - 15922, 4*h - 19935 = -5*b. Is b prime?
False
Suppose 5*j - 48323 = -6*j. Is j prime?
False
Let v(r) be the third derivative of -r**8/2240 - r**7/840 - r**6/240 - r**5/40 - r**4/24 + 3*r**2. Let n(w) be the second derivative of v(w). Is n(-2) prime?
False
Suppose 0*w - 4 = -2*w. Suppose 3*z = 2*f - 48, 2*f - w*z + 80 = 6*f. Suppose -b = -10 - f. Is b composite?
False
Suppose 5*r = 0, 2*r + 121 + 499 = 5*x. Let p = x + 37. Is p a composite number?
True
Suppose -5*k - 11496 = -13*k. Is k prime?
False
Suppose 2*f + 12 = -f. Let r(u) be the second derivative of -u**4/12 - 2*u**3/3 + u**2 + 5*u. Is r(f) prime?
True
Let n = 90 - 13. Is n prime?
False
Let p = 54 - 29. Suppose -4*r + 3*l + p + 16 = 0, r + 7 = -5*l. Suppose -92 = 4*s - r*s. Is s prime?
True
Suppose 3 = t + 7. Is (-369)/(-7) - t/14 composite?
False
Suppose -3 - 1 = -4*w, 0 = 5*h - 5*w - 4760. Is h a prime number?
True
Let q(j) = 0 + 22*j - 8*j + 31*j - 1. Is q(2) prime?
True
Let b(k) = -19*k - 6. Let z be b(-10). Suppose 3*f = f. Suppose 0 = -r + 5*h - f*h + 52, 4*r - z = -4*h. Is r composite?
False
Let d = 12 - 8. Suppose -91 = -2*a - 5*m + 41, 292 = 4*a - 4*m. Suppose g = -d*n + a, 7*g - 2*g = n + 271. Is g a prime number?
False
Let o(x) = -x + 71. Let a(t) = -t - 1. Let i(k) = -3*k - 8. Let u(d) = -2*a(d) + i(d). Let r be u(-6). Is o(r) a prime number?
True
Suppose 3*s = 4*s - 1151. Is s a composite number?
False
Let y = -1354 + 729. Let n = -294 - y. Is n prime?
True
Suppose 2*t - 9319 = -5*s, 0*t = -2*s + t + 3733. Suppose -2*q = -7*q + s. Is q a composite number?
False
Let f = 6 - 7. Let u be 0 + (1 - f) + 3. Is (-1 + (-186)/(-15))*u composite?
True
Suppose -1308 = -4*n + 3*o, 0 = -0*o - 3*o. Is n a prime number?
False
Let m = -32 + 35. Is m prime?
True
Suppose 79 + 21 = 5*t - 2*w, -3*t + 60 = -4*w. Suppose 4*d = -t, -2*f - 2*d - 176 = -3*f. Is f composite?
True
Suppose 3*m - m + 46 = 4*p, 3*m + p + 76 = 0. Suppose 83 = -f - 21. Let k = m - f. Is k a prime number?
True
Suppose 0 = -7*z + 24876 + 32475. Is z composite?
True
Let b(u) = 434*u**2 - u. Let v be b(-1). Suppose -2*k - v = -5*k - 3*o, 2*o = -3*k + 438. Suppose 0 = 4*f - 480 + k. Is f a composite number?
False
Suppose 0 = -4*f + 5112 + 4956. Suppose 6 = -2*v, 3*g - 4*v = -2*g + f. Suppose -g + 18 = -3*m. Is m prime?
False
Let d be (-3)/(1 + 2) + -8. Let k be 1/2 - d/2. Suppose -k*v = 6*s - 5*s - 115, v - 3*s = 23. Is v a prime number?
True
Let g = 0 - -1. Let o = 10 + g. Let q = 15 + o. Is q prime?
False
Let c = -17 + 14. Let w(t) = 16*t**2 + t + 4. Is w(c) prime?
False
Let j(x) = 264*x - 1. Is j(1) composite?
False
Let p(w) = -4 - 12*w - 3 + 4*w - 4. Is p(-8) a prime number?
True
Let x = -2 - 32. Let q = x + 53. Is q prime?
True
Let u(v) = 22*v**3 - 21*v**3 - 1 + 5. Is u(0) a prime number?
False
Suppose -2*u - 4604 = -6*u. Is u a composite number?
False
Let o = 14 + -7. Suppose -3*m - 4 = -o*m. Is (-4)/(-2) - -78 - m prime?
True
Let m = -25 + 13. Let o = m - -33. Is o a prime number?
False
Let h be -1 - (-5)/(10/8). Suppose -h = f - 5. Suppose 3*n = 4*a - f*a - 316, 4*n + 475 = 3*a. Is a a prime number?
False
Suppose -4*a = 3*f + 2*f - 385, 4*f - 4*a - 308 = 0. Let k = -38 + f. Is k prime?
False
Suppose -4*b = -m + 22, m - 4*b - 18 = 2*m. Let n(w) = -w**2 - 8*w + 7. Let z be n(-9). Is (-191)/m*(z - 0) a composite number?
False
Let q = 3 - -1. Suppo